{"id":84,"date":"2026-03-04T06:20:47","date_gmt":"2026-03-04T12:20:47","guid":{"rendered":"https:\/\/lapulpe.hn\/lapulpe\/?page_id=84"},"modified":"2026-03-04T09:19:24","modified_gmt":"2026-03-04T15:19:24","slug":"conectamos-historias","status":"publish","type":"page","link":"https:\/\/lapulpe.hn\/?page_id=84","title":{"rendered":"CONECTAMOS HISTORIAS"},"content":{"rendered":"\t\t<div data-elementor-type=\"wp-page\" data-elementor-id=\"84\" class=\"elementor elementor-84\">\n\t\t\t\t<div class=\"elementor-element elementor-element-77be0faa e-flex e-con-boxed e-con e-parent\" data-id=\"77be0faa\" data-element_type=\"container\" data-e-type=\"container\">\n\t\t\t\t\t<div class=\"e-con-inner\">\n\t\t\t\t<div class=\"elementor-element elementor-element-6e47d658 elementor-widget elementor-widget-text-editor\" data-id=\"6e47d658\" data-element_type=\"widget\" data-e-type=\"widget\" data-widget_type=\"text-editor.default\">\n\t\t\t\t\t\t\t\t\t<h1 style=\"font-size: 45px;\"><strong style=\"font-size: 45px;\">CONECTAMOS HISTORIAS<\/strong><\/h1>\t\t\t\t\t\t\t\t<\/div>\n\t\t\t\t\t<\/div>\n\t\t\t\t<\/div>\n\t\t<div class=\"elementor-element elementor-element-592f98fe e-flex e-con-boxed e-con e-parent\" data-id=\"592f98fe\" data-element_type=\"container\" data-e-type=\"container\">\n\t\t\t\t\t<div class=\"e-con-inner\">\n\t\t<div class=\"elementor-element elementor-element-477948ce e-con-full e-flex e-con e-child\" data-id=\"477948ce\" data-element_type=\"container\" data-e-type=\"container\">\n\t\t\t\t<div class=\"elementor-element elementor-element-2fa6b5bf elementor-widget elementor-widget-text-editor\" data-id=\"2fa6b5bf\" data-element_type=\"widget\" data-e-type=\"widget\" data-widget_type=\"text-editor.default\">\n\t\t\t\t\t\t\t\t\t<p><em><strong>Contar historias<\/strong> est\u00e1 en nuestro ADN.<\/em><\/p><p style=\"color: #f89017; font-weigh: bold;\"><strong>HISTORIAS A UN P\u00daBLICO DESEADO<\/strong><\/p>\t\t\t\t\t\t\t\t<\/div>\n\t\t<div class=\"elementor-element elementor-element-62c0cea e-con-full e-flex e-con e-child\" data-id=\"62c0cea\" data-element_type=\"container\" data-e-type=\"container\">\n\t\t<div class=\"elementor-element elementor-element-c8ee033 e-grid e-con-full e-con e-child\" data-id=\"c8ee033\" data-element_type=\"container\" data-e-type=\"container\">\n\t\t\t\t<div class=\"elementor-element elementor-element-70b21008 elementor-widget elementor-widget-image\" data-id=\"70b21008\" data-element_type=\"widget\" data-e-type=\"widget\" data-widget_type=\"image.default\">\n\t\t\t\t\t\t\t\t\t\t\t\t\t\t\t<img decoding=\"async\" width=\"150\" height=\"150\" src=\"https:\/\/lapulpe.hn\/wp-content\/uploads\/2026\/02\/storypower-01-1-150x150.png\" class=\"attachment-thumbnail size-thumbnail wp-image-57\" alt=\"\" srcset=\"https:\/\/lapulpe.hn\/wp-content\/uploads\/2026\/02\/storypower-01-1-150x150.png 150w, https:\/\/lapulpe.hn\/wp-content\/uploads\/2026\/02\/storypower-01-1-300x300.png 300w, https:\/\/lapulpe.hn\/wp-content\/uploads\/2026\/02\/storypower-01-1.png 705w\" sizes=\"(max-width: 150px) 100vw, 150px\" \/>\t\t\t\t\t\t\t\t\t\t\t\t\t\t\t<\/div>\n\t\t\t\t<div class=\"elementor-element elementor-element-2bff07a1 elementor-widget elementor-widget-text-editor\" data-id=\"2bff07a1\" data-element_type=\"widget\" data-e-type=\"widget\" data-widget_type=\"text-editor.default\">\n\t\t\t\t\t\t\t\t\t<p>CONTAMOS HISTORIAS<\/p><p><strong>QUE CREAN FUTUROS<\/strong><\/p>\t\t\t\t\t\t\t\t<\/div>\n\t\t\t\t<\/div>\n\t\t\t\t<\/div>\n\t\t<div class=\"elementor-element elementor-element-63adb5c3 e-con-full e-flex e-con e-child\" data-id=\"63adb5c3\" data-element_type=\"container\" data-e-type=\"container\">\n\t\t\t\t<div class=\"elementor-element elementor-element-62656ae7 elementor-widget elementor-widget-text-editor\" data-id=\"62656ae7\" data-element_type=\"widget\" data-e-type=\"widget\" data-widget_type=\"text-editor.default\">\n\t\t\t\t\t\t\t\t\t<h3>Expertos en estrategias y campa\u00f1as publicitarias para instituciones gubernamentales, organizaciones con orientaci\u00f3n al beneficio social y para pre candidatos pol\u00edticos con un 90% de \u00e9xito en campa\u00f1as presidenciales, legislativas y municipales.<\/h3>\t\t\t\t\t\t\t\t<\/div>\n\t\t\t\t<\/div>\n\t\t\t\t<\/div>\n\t\t<div class=\"elementor-element elementor-element-47b9c1f4 e-con-full e-flex e-con e-child\" data-id=\"47b9c1f4\" data-element_type=\"container\" data-e-type=\"container\">\n\t\t\t\t<div class=\"elementor-element elementor-element-644ca576 elementor-widget elementor-widget-image\" data-id=\"644ca576\" data-element_type=\"widget\" data-e-type=\"widget\" data-widget_type=\"image.default\">\n\t\t\t\t\t\t\t\t\t\t\t\t\t\t\t<img fetchpriority=\"high\" decoding=\"async\" width=\"1024\" height=\"740\" src=\"https:\/\/lapulpe.hn\/wp-content\/uploads\/2026\/03\/Mask-group-1024x740.png\" class=\"attachment-large size-large wp-image-93\" alt=\"\" srcset=\"https:\/\/lapulpe.hn\/wp-content\/uploads\/2026\/03\/Mask-group-1024x740.png 1024w, https:\/\/lapulpe.hn\/wp-content\/uploads\/2026\/03\/Mask-group-300x217.png 300w, https:\/\/lapulpe.hn\/wp-content\/uploads\/2026\/03\/Mask-group-768x555.png 768w, https:\/\/lapulpe.hn\/wp-content\/uploads\/2026\/03\/Mask-group.png 1107w\" sizes=\"(max-width: 1024px) 100vw, 1024px\" \/>\t\t\t\t\t\t\t\t\t\t\t\t\t\t\t<\/div>\n\t\t\t\t<\/div>\n\t\t\t\t\t<\/div>\n\t\t\t\t<\/div>\n\t\t\t\t<\/div>\n\t\t","protected":false},"excerpt":{"rendered":"<p>CONECTAMOS HISTORIAS Contar historias est\u00e1 en nuestro ADN. HISTORIAS A UN P\u00daBLICO DESEADO CONTAMOS HISTORIAS QUE CREAN FUTUROS Expertos en estrategias y campa\u00f1as publicitarias para instituciones gubernamentales, organizaciones con orientaci\u00f3n al beneficio social y para pre candidatos pol\u00edticos con un 90% de \u00e9xito en campa\u00f1as presidenciales, legislativas y municipales.<\/p>\n","protected":false},"author":1,"featured_media":0,"parent":0,"menu_order":0,"comment_status":"closed","ping_status":"closed","template":"","meta":{"footnotes":""},"class_list":["post-84","page","type-page","status-publish","hentry"],"_links":{"self":[{"href":"https:\/\/lapulpe.hn\/index.php?rest_route=\/wp\/v2\/pages\/84","targetHints":{"allow":["GET"]}}],"collection":[{"href":"https:\/\/lapulpe.hn\/index.php?rest_route=\/wp\/v2\/pages"}],"about":[{"href":"https:\/\/lapulpe.hn\/index.php?rest_route=\/wp\/v2\/types\/page"}],"author":[{"embeddable":true,"href":"https:\/\/lapulpe.hn\/index.php?rest_route=\/wp\/v2\/users\/1"}],"replies":[{"embeddable":true,"href":"https:\/\/lapulpe.hn\/index.php?rest_route=%2Fwp%2Fv2%2Fcomments&post=84"}],"version-history":[{"count":10,"href":"https:\/\/lapulpe.hn\/index.php?rest_route=\/wp\/v2\/pages\/84\/revisions"}],"predecessor-version":[{"id":99,"href":"https:\/\/lapulpe.hn\/index.php?rest_route=\/wp\/v2\/pages\/84\/revisions\/99"}],"wp:attachment":[{"href":"https:\/\/lapulpe.hn\/index.php?rest_route=%2Fwp%2Fv2%2Fmedia&parent=84"}],"curies":[{"name":"wp","href":"https:\/\/api.w.org\/{rel}","templated":true}]}}