{"id":11,"date":"2026-02-25T07:23:38","date_gmt":"2026-02-25T06:23:38","guid":{"rendered":"https:\/\/lapulpe.hn\/lapulpe\/?page_id=11"},"modified":"2026-03-15T23:42:18","modified_gmt":"2026-03-16T05:42:18","slug":"home","status":"publish","type":"page","link":"https:\/\/lapulpe.hn\/","title":{"rendered":"Home"},"content":{"rendered":"\t\t<div data-elementor-type=\"wp-page\" data-elementor-id=\"11\" class=\"elementor elementor-11\">\n\t\t\t\t<div class=\"elementor-element elementor-element-2f13666 e-flex e-con-boxed e-con e-parent\" data-id=\"2f13666\" data-element_type=\"container\" data-e-type=\"container\">\n\t\t\t\t\t<div class=\"e-con-inner\">\n\t\t\t\t\t<\/div>\n\t\t\t\t<\/div>\n\t\t<div class=\"elementor-element elementor-element-78bb4dc e-flex e-con-boxed e-con e-parent\" data-id=\"78bb4dc\" data-element_type=\"container\" data-e-type=\"container\">\n\t\t\t\t\t<div class=\"e-con-inner\">\n\t\t\t\t<div class=\"elementor-element elementor-element-670bef9 elementor-widget elementor-widget-heading\" data-id=\"670bef9\" data-element_type=\"widget\" data-e-type=\"widget\" data-widget_type=\"heading.default\">\n\t\t\t\t\t<h2 class=\"elementor-heading-title elementor-size-default\">CONTAMOS HISTORIAS<\/h2>\t\t\t\t<\/div>\n\t\t\t\t<div class=\"elementor-element elementor-element-be598bd elementor-widget elementor-widget-heading\" data-id=\"be598bd\" data-element_type=\"widget\" data-e-type=\"widget\" data-widget_type=\"heading.default\">\n\t\t\t\t\t<h1 class=\"elementor-heading-title elementor-size-default\">QUE CREAN FUTUROS<\/h1>\t\t\t\t<\/div>\n\t\t\t\t\t<\/div>\n\t\t\t\t<\/div>\n\t\t<div class=\"elementor-element elementor-element-5e9f076 e-flex e-con-boxed e-con e-parent\" data-id=\"5e9f076\" data-element_type=\"container\" data-e-type=\"container\">\n\t\t\t\t\t<div class=\"e-con-inner\">\n\t\t<div class=\"elementor-element elementor-element-cdf58d5 e-con-full e-flex e-con e-child\" data-id=\"cdf58d5\" data-element_type=\"container\" data-e-type=\"container\">\n\t\t\t\t<div class=\"elementor-element elementor-element-560830d elementor-widget elementor-widget-image\" data-id=\"560830d\" data-element_type=\"widget\" data-e-type=\"widget\" data-widget_type=\"image.default\">\n\t\t\t\t\t\t\t\t\t\t\t\t\t\t\t<img fetchpriority=\"high\" decoding=\"async\" width=\"300\" height=\"257\" src=\"https:\/\/lapulpe.hn\/wp-content\/uploads\/2026\/02\/sellopulpe-300x257.png\" class=\"attachment-medium size-medium wp-image-28\" alt=\"\" srcset=\"https:\/\/lapulpe.hn\/wp-content\/uploads\/2026\/02\/sellopulpe-300x257.png 300w, https:\/\/lapulpe.hn\/wp-content\/uploads\/2026\/02\/sellopulpe.png 395w\" sizes=\"(max-width: 300px) 100vw, 300px\" \/>\t\t\t\t\t\t\t\t\t\t\t\t\t\t\t<\/div>\n\t\t\t\t<\/div>\n\t\t<div class=\"elementor-element elementor-element-3ab4321 e-con-full e-flex e-con e-child\" data-id=\"3ab4321\" data-element_type=\"container\" data-e-type=\"container\">\n\t\t\t\t<div class=\"elementor-element elementor-element-e9fbecf elementor-widget elementor-widget-heading\" data-id=\"e9fbecf\" data-element_type=\"widget\" data-e-type=\"widget\" data-widget_type=\"heading.default\">\n\t\t\t\t\t<h2 class=\"elementor-heading-title elementor-size-default\">Historias que mueven.\nIdeas que trascienden.\nTecnolog\u00eda que impulsa.<\/h2>\t\t\t\t<\/div>\n\t\t\t\t<\/div>\n\t\t\t\t\t<\/div>\n\t\t\t\t<\/div>\n\t\t<div class=\"elementor-element elementor-element-f511724 e-flex e-con-boxed e-con e-parent\" data-id=\"f511724\" data-element_type=\"container\" data-e-type=\"container\">\n\t\t\t\t\t<div class=\"e-con-inner\">\n\t\t<div class=\"elementor-element elementor-element-4f18efe e-con-full e-flex e-con e-child\" data-id=\"4f18efe\" data-element_type=\"container\" data-e-type=\"container\">\n\t\t\t\t<div class=\"elementor-element elementor-element-a5339a4 elementor-widget elementor-widget-video\" data-id=\"a5339a4\" data-element_type=\"widget\" data-e-type=\"widget\" data-settings=\"{&quot;video_type&quot;:&quot;hosted&quot;,&quot;autoplay&quot;:&quot;yes&quot;,&quot;play_on_mobile&quot;:&quot;yes&quot;,&quot;loop&quot;:&quot;yes&quot;,&quot;controls&quot;:&quot;yes&quot;}\" data-widget_type=\"video.default\">\n\t\t\t\t\t\t\t<div class=\"e-hosted-video elementor-wrapper elementor-open-inline\">\n\t\t\t\t\t<video class=\"elementor-video\" src=\"https:\/\/lapulpe.hn\/wp-content\/uploads\/2026\/03\/Reel-vertical-9-16-IA-LaPulpe-25-FEB.mp4\" autoplay=\"\" loop=\"\" controls=\"\" playsinline=\"\" controlsList=\"nodownload\"><\/video>\n\t\t\t\t<\/div>\n\t\t\t\t\t\t<\/div>\n\t\t\t\t<\/div>\n\t\t<div class=\"elementor-element elementor-element-966c2e7 e-con-full e-flex e-con e-child\" data-id=\"966c2e7\" data-element_type=\"container\" data-e-type=\"container\">\n\t\t\t\t<div class=\"elementor-element elementor-element-607cf09 elementor-widget elementor-widget-text-editor\" data-id=\"607cf09\" data-element_type=\"widget\" data-e-type=\"widget\" data-widget_type=\"text-editor.default\">\n\t\t\t\t\t\t\t\t\t<span style=\"white-space-collapse: preserve; font-size: 30px;\">Somos Lapulpe, una agencia creativa nacida del coraz\u00f3n de Honduras, experta en contar historias que conectan, emocionan y transforman. Creemos que toda marca tiene un alma, y que esa alma se revela a trav\u00e9s de una narrativa aut\u00e9ntica y poderosa.<\/span>\t\t\t\t\t\t\t\t<\/div>\n\t\t\t\t<\/div>\n\t\t\t\t\t<\/div>\n\t\t\t\t<\/div>\n\t\t<div class=\"elementor-element elementor-element-40de9ec e-flex e-con-boxed e-con e-parent\" data-id=\"40de9ec\" data-element_type=\"container\" data-e-type=\"container\">\n\t\t\t\t\t<div class=\"e-con-inner\">\n\t\t<div class=\"elementor-element elementor-element-9ed4038 e-con-full e-flex e-con e-child\" data-id=\"9ed4038\" data-element_type=\"container\" data-e-type=\"container\">\n\t\t\t\t<div class=\"elementor-element elementor-element-18b91d9 elementor-widget elementor-widget-text-editor\" data-id=\"18b91d9\" data-element_type=\"widget\" data-e-type=\"widget\" data-widget_type=\"text-editor.default\">\n\t\t\t\t\t\t\t\t\t<p>Durante m\u00e1s de una d\u00e9cada hemos dominado el arte del storytelling, construyendo campa\u00f1as memorables para marcas que se atreven a ser distintas. Pero hoy, damos un paso m\u00e1s all\u00e1.<br \/>\u00a0<br \/>Hoy, somos Lapulpe 2.0<br \/>Una agencia donde la creatividad humana se potencia con inteligencia artificial.<br \/>Donde la tecnolog\u00eda no reemplaza, refuerza.<br \/>Donde los datos se convierten en decisiones, y las emociones en estrategia.<br \/><br \/>No hacemos contenido por hacer.<br \/>Creamos significado. Creamos valor. Creamos impacto.<br \/>Conectamos marcas con personas, no con algoritmos.<\/p>\t\t\t\t\t\t\t\t<\/div>\n\t\t\t\t<\/div>\n\t\t<div class=\"elementor-element elementor-element-8b8be9a e-con-full e-flex e-con e-child\" data-id=\"8b8be9a\" data-element_type=\"container\" data-e-type=\"container\">\n\t\t\t\t<div class=\"elementor-element elementor-element-36106d4 elementor-widget elementor-widget-text-editor\" data-id=\"36106d4\" data-element_type=\"widget\" data-e-type=\"widget\" data-widget_type=\"text-editor.default\">\n\t\t\t\t\t\t\t\t\t<p>Defendemos la innovaci\u00f3n, sin perder la esencia.<br \/>Celebramos nuestras ra\u00edces hondure\u00f1as, sin dejar de mirar al mundo.<br \/>Creemos en la empat\u00eda como ventaja competitiva.<br \/>Y en la excelencia como \u00fanico camino.<br \/>\u00a0<br \/><strong>Lapulpe no solo dise\u00f1a, no solo produce, no solo comunica.<\/strong><br \/><strong>\u00a0<\/strong><br \/><strong>Lapulpe cuenta historias que dejan huella.<\/strong><br \/><strong>\u00a0<\/strong><br \/><strong>Y hoy, estamos listos para contar la tuya.<\/strong><\/p>\t\t\t\t\t\t\t\t<\/div>\n\t\t\t\t<\/div>\n\t\t\t\t\t<\/div>\n\t\t\t\t<\/div>\n\t\t<div class=\"elementor-element elementor-element-ee628d9 e-flex e-con-boxed e-con e-parent\" data-id=\"ee628d9\" data-element_type=\"container\" data-e-type=\"container\">\n\t\t\t\t\t<div class=\"e-con-inner\">\n\t\t\t\t<div class=\"elementor-element elementor-element-539bbab elementor-widget__width-initial elementor-widget elementor-widget-image\" data-id=\"539bbab\" data-element_type=\"widget\" data-e-type=\"widget\" data-widget_type=\"image.default\">\n\t\t\t\t\t\t\t\t\t\t\t\t\t\t\t<img decoding=\"async\" width=\"768\" height=\"174\" src=\"https:\/\/lapulpe.hn\/wp-content\/uploads\/2026\/03\/servicios.png\" class=\"attachment-medium_large size-medium_large wp-image-60\" alt=\"\" srcset=\"https:\/\/lapulpe.hn\/wp-content\/uploads\/2026\/03\/servicios.png 769w, https:\/\/lapulpe.hn\/wp-content\/uploads\/2026\/03\/servicios-300x68.png 300w\" sizes=\"(max-width: 768px) 100vw, 768px\" \/>\t\t\t\t\t\t\t\t\t\t\t\t\t\t\t<\/div>\n\t\t\t\t\t<\/div>\n\t\t\t\t<\/div>\n\t\t<div class=\"elementor-element elementor-element-56542a0 e-flex e-con-boxed e-con e-parent\" data-id=\"56542a0\" data-element_type=\"container\" data-e-type=\"container\">\n\t\t\t\t\t<div class=\"e-con-inner\">\n\t\t<div class=\"elementor-element elementor-element-5ba9a13 e-con-full e-flex e-con e-child\" data-id=\"5ba9a13\" data-element_type=\"container\" data-e-type=\"container\">\n\t\t\t\t<div class=\"elementor-element elementor-element-85a0ea3 elementor-widget elementor-widget-image\" data-id=\"85a0ea3\" data-element_type=\"widget\" data-e-type=\"widget\" data-widget_type=\"image.default\">\n\t\t\t\t\t\t\t\t\t\t\t\t\t\t\t<img decoding=\"async\" src=\"https:\/\/lapulpe.hn\/wp-content\/uploads\/elementor\/thumbs\/sellopulpe-1-rk8nlmyzxy924e6bav6fu89grlzlia0rwq7dncnjks.png\" title=\"sellopulpe\" alt=\"sellopulpe\" loading=\"lazy\" \/>\t\t\t\t\t\t\t\t\t\t\t\t\t\t\t<\/div>\n\t\t\t\t<\/div>\n\t\t<div class=\"elementor-element elementor-element-5ff01ab e-con-full e-flex e-con e-child\" data-id=\"5ff01ab\" data-element_type=\"container\" data-e-type=\"container\">\n\t\t\t\t<div class=\"elementor-element elementor-element-85da1bd elementor-widget elementor-widget-image\" data-id=\"85da1bd\" data-element_type=\"widget\" data-e-type=\"widget\" data-widget_type=\"image.default\">\n\t\t\t\t\t\t\t\t\t\t\t\t\t\t\t<img decoding=\"async\" width=\"150\" height=\"150\" src=\"https:\/\/lapulpe.hn\/wp-content\/uploads\/2026\/02\/Group-22-2-150x150.png\" class=\"attachment-thumbnail size-thumbnail wp-image-46\" alt=\"\" srcset=\"https:\/\/lapulpe.hn\/wp-content\/uploads\/2026\/02\/Group-22-2-150x150.png 150w, https:\/\/lapulpe.hn\/wp-content\/uploads\/2026\/02\/Group-22-2.png 262w\" sizes=\"(max-width: 150px) 100vw, 150px\" \/>\t\t\t\t\t\t\t\t\t\t\t\t\t\t\t<\/div>\n\t\t\t\t<\/div>\n\t\t<div class=\"elementor-element elementor-element-17161e5 e-con-full e-flex e-con e-child\" data-id=\"17161e5\" data-element_type=\"container\" data-e-type=\"container\">\n\t\t\t\t<div class=\"elementor-element elementor-element-6af95af elementor-widget elementor-widget-image\" data-id=\"6af95af\" data-element_type=\"widget\" data-e-type=\"widget\" data-widget_type=\"image.default\">\n\t\t\t\t\t\t\t\t\t\t\t\t\t\t\t<img loading=\"lazy\" decoding=\"async\" width=\"150\" height=\"150\" src=\"https:\/\/lapulpe.hn\/wp-content\/uploads\/2026\/02\/Group-22-150x150.png\" class=\"attachment-thumbnail size-thumbnail wp-image-47\" alt=\"\" srcset=\"https:\/\/lapulpe.hn\/wp-content\/uploads\/2026\/02\/Group-22-150x150.png 150w, https:\/\/lapulpe.hn\/wp-content\/uploads\/2026\/02\/Group-22.png 262w\" sizes=\"(max-width: 150px) 100vw, 150px\" \/>\t\t\t\t\t\t\t\t\t\t\t\t\t\t\t<\/div>\n\t\t\t\t<\/div>\n\t\t<div class=\"elementor-element elementor-element-35e020e e-con-full e-flex e-con e-child\" data-id=\"35e020e\" data-element_type=\"container\" data-e-type=\"container\">\n\t\t\t\t<div class=\"elementor-element elementor-element-a1ae55e elementor-widget elementor-widget-image\" data-id=\"a1ae55e\" data-element_type=\"widget\" data-e-type=\"widget\" data-widget_type=\"image.default\">\n\t\t\t\t\t\t\t\t\t\t\t\t\t\t\t<img loading=\"lazy\" decoding=\"async\" width=\"150\" height=\"150\" src=\"https:\/\/lapulpe.hn\/wp-content\/uploads\/2026\/02\/Group-22-1-150x150.png\" class=\"attachment-thumbnail size-thumbnail wp-image-45\" alt=\"\" srcset=\"https:\/\/lapulpe.hn\/wp-content\/uploads\/2026\/02\/Group-22-1-150x150.png 150w, https:\/\/lapulpe.hn\/wp-content\/uploads\/2026\/02\/Group-22-1.png 262w\" sizes=\"(max-width: 150px) 100vw, 150px\" \/>\t\t\t\t\t\t\t\t\t\t\t\t\t\t\t<\/div>\n\t\t\t\t<\/div>\n\t\t\t\t\t<\/div>\n\t\t\t\t<\/div>\n\t\t<div class=\"elementor-element elementor-element-469e51b e-flex e-con-boxed e-con e-parent\" data-id=\"469e51b\" data-element_type=\"container\" data-e-type=\"container\">\n\t\t\t\t\t<div class=\"e-con-inner\">\n\t\t<div class=\"elementor-element elementor-element-7fac82f e-con-full e-flex e-con e-child\" data-id=\"7fac82f\" data-element_type=\"container\" data-e-type=\"container\">\n\t\t\t\t<\/div>\n\t\t<div class=\"elementor-element elementor-element-261a322 e-con-full e-flex e-con e-child\" data-id=\"261a322\" data-element_type=\"container\" data-e-type=\"container\">\n\t\t\t\t<div class=\"elementor-element elementor-element-ab9516e elementor-widget elementor-widget-heading\" data-id=\"ab9516e\" data-element_type=\"widget\" data-e-type=\"widget\" data-widget_type=\"heading.default\">\n\t\t\t\t\t<h3 class=\"elementor-heading-title elementor-size-default\">Somos la \u00fanica agencia hondure\u00f1a especializada en comunicaci\u00f3n social, pol\u00edtica y gubernamental, con m\u00e1s de 13 a\u00f1os en el mercado y una direcci\u00f3n con m\u00e1s de 30 a\u00f1os de experiencia.<\/h3>\t\t\t\t<\/div>\n\t\t\t\t<\/div>\n\t\t<div class=\"elementor-element elementor-element-6ff5f7d e-con-full e-flex e-con e-child\" data-id=\"6ff5f7d\" data-element_type=\"container\" data-e-type=\"container\">\n\t\t\t\t<\/div>\n\t\t\t\t\t<\/div>\n\t\t\t\t<\/div>\n\t\t<div class=\"elementor-element elementor-element-51133b2 e-flex e-con-boxed e-con e-parent\" data-id=\"51133b2\" data-element_type=\"container\" data-e-type=\"container\">\n\t\t\t\t\t<div class=\"e-con-inner\">\n\t\t<div class=\"elementor-element elementor-element-3b15931 e-con-full e-flex e-con e-child\" data-id=\"3b15931\" data-element_type=\"container\" data-e-type=\"container\">\n\t\t\t\t<\/div>\n\t\t<div class=\"elementor-element elementor-element-9f22716 e-con-full e-flex e-con e-child\" data-id=\"9f22716\" data-element_type=\"container\" data-e-type=\"container\">\n\t\t\t\t<div class=\"elementor-element elementor-element-2a11f37 elementor-widget elementor-widget-text-editor\" data-id=\"2a11f37\" data-element_type=\"widget\" data-e-type=\"widget\" data-widget_type=\"text-editor.default\">\n\t\t\t\t\t\t\t\t\t<p>Ofrecemos: <br \/>Coberturas digitales, c\u00e1maras 4k, drone FullHD, telepr\u00f3nter. Se\u00f1al satelital de internet, Transmisi\u00f3n a 3 redes sociales simult\u00e1neamente, conexi\u00f3n de 8 se\u00f1ales v\u00eda celular en vivo de cualquier parte del mundo, y hasta 100 participantes en vivo via zoom, Cont\u00e1ctanos hoy y comencemos a construir tu \u00e9xito.<\/p>\t\t\t\t\t\t\t\t<\/div>\n\t\t\t\t<\/div>\n\t\t<div class=\"elementor-element elementor-element-7cd55d5 e-con-full e-flex e-con e-child\" data-id=\"7cd55d5\" data-element_type=\"container\" data-e-type=\"container\">\n\t\t\t\t<\/div>\n\t\t\t\t\t<\/div>\n\t\t\t\t<\/div>\n\t\t\t\t<\/div>\n\t\t","protected":false},"excerpt":{"rendered":"<p>CONTAMOS HISTORIAS QUE CREAN FUTUROS Historias que mueven. Ideas que trascienden. Tecnolog\u00eda que impulsa. https:\/\/lapulpe.hn\/wp-content\/uploads\/2026\/03\/Reel-vertical-9-16-IA-LaPulpe-25-FEB.mp4Somos Lapulpe, una agencia creativa nacida del coraz\u00f3n de Honduras, experta en contar historias que conectan, emocionan y transforman. Creemos que toda marca tiene un alma, y que esa alma se revela a trav\u00e9s de una narrativa aut\u00e9ntica y poderosa. Durante [&hellip;]<\/p>\n","protected":false},"author":1,"featured_media":0,"parent":0,"menu_order":0,"comment_status":"closed","ping_status":"closed","template":"","meta":{"footnotes":""},"class_list":["post-11","page","type-page","status-publish","hentry"],"_links":{"self":[{"href":"https:\/\/lapulpe.hn\/index.php?rest_route=\/wp\/v2\/pages\/11","targetHints":{"allow":["GET"]}}],"collection":[{"href":"https:\/\/lapulpe.hn\/index.php?rest_route=\/wp\/v2\/pages"}],"about":[{"href":"https:\/\/lapulpe.hn\/index.php?rest_route=\/wp\/v2\/types\/page"}],"author":[{"embeddable":true,"href":"https:\/\/lapulpe.hn\/index.php?rest_route=\/wp\/v2\/users\/1"}],"replies":[{"embeddable":true,"href":"https:\/\/lapulpe.hn\/index.php?rest_route=%2Fwp%2Fv2%2Fcomments&post=11"}],"version-history":[{"count":40,"href":"https:\/\/lapulpe.hn\/index.php?rest_route=\/wp\/v2\/pages\/11\/revisions"}],"predecessor-version":[{"id":271,"href":"https:\/\/lapulpe.hn\/index.php?rest_route=\/wp\/v2\/pages\/11\/revisions\/271"}],"wp:attachment":[{"href":"https:\/\/lapulpe.hn\/index.php?rest_route=%2Fwp%2Fv2%2Fmedia&parent=11"}],"curies":[{"name":"wp","href":"https:\/\/api.w.org\/{rel}","templated":true}]}}